undreds digit of u(-15)?
5
What is the units digit of ((-45)/2)/(60/(-4560))?
0
Let d be 7/(-2)*12/(-6). Let o be -8*(140/(-16))/d. Suppose h - o = 21. What is the tens digit of h?
3
Let c be (-2)/(-2) + (-2 - -3). Suppose -3*k + 219 + 18 = -3*b, 162 = 2*k + c*b. What is the units digit of k?
0
Let r = 1810 + -440. What is the hundreds digit of r?
3
Let w(i) = i**3 - i**2 + i + 3. Let o be w(0). Suppose 6*u - o = 9. What is the units digit of (3 - u)*(25 + 2)?
7
Suppose 0*n = n + 3*s - 27, 4*s + 116 = 5*n. Let q = n + -20. What is the units digit of q?
4
Let v(u) = -u**3 + 5*u**2 + 7*u - 4. Let m(j) = j**3 - 13*j**2 + 12*j + 6. Let g be m(12). Let l be v(g). Suppose 97 = 3*o - l. What is the tens digit of o?
3
Let v(j) = -227*j. Let i be v(-1). Suppose -i = -4*y - 3. What is the tens digit of y?
5
Let w(x) = 4*x + 40 - 8 - 4*x + 4*x. What is the units digit of w(20)?
2
What is the hundreds digit of 1825 + 3 + 25 + -32?
8
Suppose -2*w + 2*z = -214, 87 + 15 = w - 2*z. Let u = 196 - w. Suppose -5*g - 40 = -l - g, -u = -4*l - 3*g. What is the units digit of l?
4
Suppose 3*g - 21*b - 220 = -25*b, -139 = -2*g + 5*b. What is the tens digit of g?
7
Let x = -20 - -23. Suppose -x*q + 186 = -96. What is the tens digit of q?
9
Suppose -26 = -3*k - 4*l, 2*l - 5*l = -2*k + 23. Suppose 0 = -2*u + k*u - 16. Suppose 284 = -u*v + 6*v. What is the tens digit of v?
7
Let y(m) = 4*m**2 + 69*m + 42. What is the hundreds digit of y(-24)?
6
Let w(p) = 4*p - 8. Let q be w(9). Suppose 0 = -2*b - 3*m + 77, -b - 2*m + q = -4*m. What is the units digit of b?
4
Suppose 19 = -4*o + 5*o + 3*l, 5*o - 108 = -2*l. Let y = o + -7. Let t = -8 + y. What is the units digit of t?
7
Suppose l + 816 = -0*x + 5*x, 4*l - 3*x = -3213. What is the tens digit of 16/88 + l/(-11)?
7
Suppose 6*m - 4*m = 8. Suppose 35 = u - 3*r - 173, -5*u = m*r - 945. What is the units digit of u?
3
Let g = -343 + 112. Let u = -38 - g. Let x = u + -135. What is the units digit of x?
8
Suppose 5*o - 468 = r, 0 = -o - 2*r + 7*r + 84. Suppose 2*g - m = -2*g + 12, g = -3*m + 3. Suppose g*u = u + o. What is the tens digit of u?
4
Suppose 3*v + 3*r - 26 = 31, -50 = -2*v - 5*r. Let d(p) = p**3 - 13*p**2 - 17*p - 30. What is the units digit of d(v)?
5
What is the hundreds digit of (-178)/2*(-50 + 40)?
8
Let b(i) = -i**3 + 15*i**2 - 15*i + 21. Let z be b(14). Suppose -l - z = j, -5*l - 2*j - 5 = -3*j. What is the units digit of 14 + 2/(-2)*l?
6
Let b(z) = z**3 - 6*z**2 - 3*z + 9. Let s be b(6). Let a = 52 + s. What is the units digit of a?
3
Suppose -68 - 4 = 3*z. Let l = 39 + z. What is the units digit of l?
5
Suppose 223 = 6*x - 1493. What is the tens digit of x?
8
Suppose -z = -3*o - 57 + 16, -o - 19 = 5*z. Let c = 17 - o. What is the tens digit of c?
3
Let x(j) = -6*j - 10. Let r be x(-3). Suppose 50*m - 49*m - r = 0. What is the units digit of m?
8
Let i(x) be the third derivative of -x**6/120 + x**4/12 - 2*x**3/3 + 11*x**2. What is the tens digit of i(-4)?
5
Suppose 0 = -5*b + 10*b - 5*s - 9815, -5*b - 5*s = -9765. What is the tens digit of b?
5
Suppose 0 = -m - 0*m - 5*x - 17, -m + 3*x + 15 = 0. Suppose -4*y = r - 45, -m*y - 17 = -r - 0*y. What is the units digit of r?
9
Suppose -10*z = -643 - 1067. What is the units digit of z?
1
Suppose 2*t = 5*t + 24. Let v = t - -14. What is the units digit of v?
6
Let j(l) = 9*l**2 - l - 2. Let y be j(-1). Let r = -6 + y. Suppose 2*n + r = 100. What is the units digit of n?
9
Suppose -3*b + 46 = -4*u, 0*b + 4*u + 32 = 2*b. What is the units digit of b?
4
Let o(i) = -i**3 - 7*i**2 + 6*i - 6. Suppose 4*s = -2*f + 8, 2*f = -3*s - 3*f + 6. Let p be s - 3 - (8 - 1). What is the units digit of o(p)?
0
Suppose -b + 389 = 89. What is the tens digit of b?
0
Let n(i) = -i**3 + 12*i**2 + 4*i + 15. Let w(c) = -12*c**3 - 35*c**2 + 15*c**3 - 17 - 11*c - 27. Let x(b) = 17*n(b) + 6*w(b). What is the units digit of x(6)?
3
Let c(z) = -z**3 + 5*z**2 - z - 4. Suppose -x = 4 + 1, 4*h + x = 31. Suppose 13*w - 12 = h*w. What is the units digit of c(w)?
1
Suppose 2*q - 4*c + 2 = 0, 5*c = 2*q + 5 - 1. Suppose -4*f + q*j + 358 = 5*j, 5*f = -4*j + 449. What is the units digit of f?
9
Let m(y) be the first derivative of -y**4/4 - 2*y**3/3 + y**2/2 + 40*y - 21. What is the units digit of m(0)?
0
Suppose 5*s + 0*s + 2*z = 10386, -2*s - 3*z = -4161. What is the tens digit of s?
7
Let v(f) = -4*f**2 - 81*f - 14. What is the hundreds digit of v(-16)?
2
Suppose 8558 = 2*t + 4*l, -4*l = -2*t + 1355 + 7179. What is the tens digit of t?
7
Let w(a) = 2*a**3 - 9*a**2 - 17*a + 61. What is the thousands digit of w(11)?
1
Suppose -9*o + 2420 = -4*o + 5*m, 2*m = -4*o + 1944. Suppose -2*a - 2*k = -o, 4*a - 3*k = 3*a + 260. What is the hundreds digit of a?
2
Suppose 5*w + 3*b - 5194 = 7*b, 2*w = 2*b + 2078. What is the tens digit of w?
3
Let j = -42 + 43. What is the units digit of -4*((-4)/j)/8?
2
Suppose 2*g = 4*g - 2*m - 12, -4*g = 3*m - 10. Let z(h) be the third derivative of h**5/60 - h**4/24 - h**3/3 - 3*h**2. What is the units digit of z(g)?
0
Suppose 0 = 3*b + 3*n - 5 - 16, -2*b = -3*n - 14. Suppose -200 - 38 = -b*a. What is the units digit of a?
4
Suppose -z = 9 - 7. What is the tens digit of 81 + -2 + z + 3/3?
7
Let f(n) = -2 + 7*n - 8 + 10*n + n**2 - 12*n. What is the units digit of f(8)?
4
Let x(d) = d**2 + d + 6. Let s be x(0). Suppose 388 = -s*n + 1102. What is the units digit of n?
9
Suppose -60 = q + 5*q. Let f(x) = x**3 + 8*x**2 - 21*x - 13. Let a be f(q). Let o(u) = 4*u**2 + u - 4. What is the tens digit of o(a)?
2
Let m(b) = 338*b - 80. What is the hundreds digit of m(6)?
9
Suppose 1 + 5 = 3*u. Suppose 0 = -0*q + u*q - 92. What is the tens digit of q?
4
Let a(j) = 11*j + 14. Let c(d) = -30*d + d - d - 41 - 3*d. Let b(s) = 17*a(s) + 6*c(s). What is the units digit of b(-4)?
6
Suppose -8 + 0 = -5*o + 3*w, 0 = -o + 2*w - 4. Suppose 0*r + o*r = 5*m - 2, m = r. Suppose m*q - d = 21, -3*q + d - 45 = -7*q. What is the units digit of q?
1
Let m(v) = 7*v**2 + 3*v + 578. What is the units digit of m(0)?
8
Suppose -n = -2*l + 2, 5*l - 5 = 4*n - 3*n. Let i(m) = -m**2 + m + 2. Let o be i(n). Suppose 0 = 3*j + g - 70, g + o*g + 54 = 3*j. What is the tens digit of j?
2
Let n(m) = 51*m**2 - m + 1. What is the hundreds digit of n(3)?
4
Let p(x) = x. Let b(g) = -58*g - 3. Let t(r) = -b(r) + 3*p(r). What is the tens digit of t(1)?
6
Suppose -4565*k = -4572*k + 33201. What is the units digit of k?
3
Let m(b) = 9*b**2 - 2*b - 2. Let d be m(2). What is the tens digit of (d*1)/((-4)/(-4))?
3
Suppose -6*c + 4*o = -4*c - 1752, -5*c + 5*o + 4395 = 0. What is the hundreds digit of c?
8
Let i(c) = 86*c**3 + c**2 + c + 2. Let a be i(2). What is the units digit of a/27 + (-2)/(-9)?
6
Let j(w) be the second derivative of -w**5/20 - 5*w**4/3 - w**3/2 + 25*w**2/2 - 5*w. What is the tens digit of j(-20)?
8
Let a(g) = 2*g**2 - 2*g - 18. Let c be a(9). Suppose -2*h + 44 + c = 0. What is the units digit of h?
5
What is the units digit of (-4 - -7)/(1/223)?
9
Suppose -252 = -17*z - 14. Suppose 1106 + 392 = z*x. What is the hundreds digit of x?
1
Let x be 4/((-8)/50) - 2. Let m = 30 + x. Suppose -2*l + m*l + 3*p - 58 = 0, 5*p = 5*l - 270. What is the tens digit of l?
5
Let p be (4/(-4))/((-1)/4). What is the tens digit of (-70)/p*112/(-35)?
5
Let v = 171 - -292. What is the units digit of v?
3
Suppose 2*p + 284 = 4*i, -3*i + 4*p = 2*i - 355. Suppose 5*u - 454 = i. What is the tens digit of u?
0
Let x be 2/(-6) + (-374)/(-51). Suppose 0 = -2*q - 5 + x. What is the units digit of (q + 7)*(-5)/(-2)?
0
Let h(m) = 10*m**3 + 4*m**2 - 7*m - 1. Let z(i) = 81*i**3 + 33*i**2 - 57*i - 9. Let n(g) = 33*h(g) - 4*z(g). What is the tens digit of n(2)?
4
Let i(o) = -43*o - 143. What is the units digit of i(-22)?
3
Suppose -468 = -12*j + 2316. Suppose y + 3*k + j = 2*y, 0 = 4*y - 5*k - 928. What is the units digit of y?
2
Let k(y) = 45*y + 1188. What is the tens digit of k(0)?
8
Suppose 2*s = -5*p - 8 + 2, 2*s = -3*p - 2. Let x(b) = -s + 3*b - 5*b - b. What is the units digit of x(-7)?
9
Suppose b - 7*s - 976 = -5*s, -4*b + 3937 = 3*s. What is the tens digit of b?
8
Let o be -4*(125/20)/(-5). Let x be (-182)/(-5) + (-2)/o. Let n = x + 0. What is the units digit of n?
6
Let w = -205 - -292. Let l(b) = -b**3 + 5*b**2 + 4*b - 2. Let z be l(5). Suppos